s the billions digit of 8377913085?
8
What is the hundred thousands digit of 2818058772?
0
What is the thousands digit of 734517903?
7
What is the billions digit of 1060048636?
1
What is the ten thousands digit of 62645734?
4
What is the ten millions digit of 2199865271?
9
What is the hundred millions digit of 137729215?
1
What is the ten millions digit of 160440592?
6
What is the thousands digit of 53283613?
3
What is the units digit of 36557634?
4
What is the millions digit of 538518072?
8
What is the hundred millions digit of 1253800834?
2
What is the thousands digit of 109318897?
8
What is the millions digit of 173141950?
3
What is the hundred thousands digit of 104533713?
5
What is the units digit of 3021629745?
5
What is the millions digit of 28733445?
8
What is the tens digit of 83808131?
3
What is the hundred thousands digit of 6473235132?
2
What is the units digit of 13807351?
1
What is the ten millions digit of 8179888466?
7
What is the millions digit of 53855227?
3
What is the ten thousands digit of 37988520?
8
What is the hundred thousands digit of 14382309?
3
What is the units digit of 146154717?
7
What is the units digit of 16491605?
5
What is the hundreds digit of 436148395?
3
What is the ten thousands digit of 719330282?
3
What is the ten millions digit of 402008785?
0
What is the thousands digit of 10087126?
7
What is the units digit of 1135017428?
8
What is the ten thousands digit of 1963862341?
6
What is the tens digit of 264215389?
8
What is the ten thousands digit of 341377522?
7
What is the ten millions digit of 294149425?
9
What is the tens digit of 989748153?
5
What is the tens digit of 730499713?
1
What is the hundred thousands digit of 554442312?
4
What is the millions digit of 52225906?
2
What is the ten millions digit of 941062434?
4
What is the ten millions digit of 26246294?
2
What is the hundred millions digit of 355872992?
3
What is the hundred thousands digit of 63568366?
5
What is the ten thousands digit of 367304596?
0
What is the ten thousands digit of 2200603746?
0
What is the ten thousands digit of 180855752?
5
What is the tens digit of 46934581?
8
What is the hundred millions digit of 775552294?
7
What is the ten millions digit of 37444396?
3
What is the thousands digit of 117639662?
9
What is the ten thousands digit of 770667714?
6
What is the thousands digit of 563889319?
9
What is the ten millions digit of 824531497?
2
What is the ten thousands digit of 1157679901?
7
What is the millions digit of 100763276?
0
What is the hundreds digit of 63209175?
1
What is the ten thousands digit of 99303754?
0
What is the hundred millions digit of 860664750?
8
What is the units digit of 848291199?
9
What is the units digit of 3117899359?
9
What is the ten thousands digit of 3969281018?
8
What is the hundreds digit of 304488810?
8
What is the ten thousands digit of 2177218?
7
What is the hundred thousands digit of 101543414?
5
What is the units digit of 48461481?
1
What is the ten millions digit of 132745308?
3
What is the hundreds digit of 1306201990?
9
What is the thousands digit of 2174082083?
2
What is the units digit of 511868228?
8
What is the ten millions digit of 68952393?
6
What is the ten millions digit of 1618501282?
1
What is the hundred thousands digit of 15716678?
7
What is the hundred thousands digit of 387268660?
2
What is the hundreds digit of 131213875?
8
What is the units digit of 38246920?
0
What is the millions digit of 214298572?
4
What is the tens digit of 319939318?
1
What is the millions digit of 458300221?
8
What is the hundreds digit of 1900870644?
6
What is the tens digit of 158476092?
9
What is the hundred millions digit of 371300053?
3
What is the hundred millions digit of 6710446461?
7
What is the hundreds digit of 38504534?
5
What is the millions digit of 55529178?
5
What is the ten millions digit of 6433546949?
3
What is the tens digit of 24571230?
3
What is the ten millions digit of 5541767196?
4
What is the hundred thousands digit of 20329646?
3
What is the millions digit of 328710015?
8
What is the hundred thousands digit of 114232274?
2
What is the ten millions digit of 887378830?
8
What is the hundred thousands digit of 575443364?
4
What is the tens digit of 1700154029?
2
What is the tens digit of 9091766?
6
What is the units digit of 7820528?
8
What is the ten thousands digit of 280287556?
8
What is the ten millions digit of 38370023?
3
What is the tens digit of 65989023?
2
What is the thousands digit of 20530421?
0
What is the ten thousands digit of 3439930133?
3
What is the units digit of 1177938752?
2
What is the hundreds digit of 1480235583?
5
What is the ten millions digit of 69652379?
6
What is the millions digit of 58680223?
8
What is the units digit of 694965672?
2
What is the thousands digit of 290514283?
4
What is the hundred thousands digit of 13144338?
1
What is the billions digit of 3303552734?
3
What is the hundred thousands digit of 1725172453?
1
What is the millions digit of 1505508132?
5
What is the millions digit of 249110365?
9
What is the hundred millions digit of 7352932109?
3
What is the ten millions digit of 576631577?
7
What is the millions digit of 17229464?
7
What is the hundred thousands digit of 1445745061?
7
What is the hundreds digit of 757037870?
8
What is the millions digit of 279933958?
9
What is the thousands digit of 728846649?
6
What is the tens digit of 49533146?
4
What is the units digit of 24082690?
0
What is the millions digit of 37354953?
7
What is the hundreds digit of 3288900229?
2
What is the ten thousands digit of 1296177105?
7
What is the hundred thousands digit of 53855973?
8
What is the units digit of 8424255945?
5
What is the tens digit of 18188626?
2
What is the hundreds digit of 75121310?
3
What is the ten thousands digit of 226844723?
4
What is the units digit of 28754596?
6
What is the hundred thousands digit of 74045152?
0
What is the billions digit of 5581557968?
5
What is the tens digit of 583817066?
6
What is the units digit of 108072352?
2
What is the millions digit of 77298411?
7
What is the ten millions digit of 44325783?
4
What is the hundred millions digit of 154722787?
1
What is the millions digit of 54736492?
4
What is the hundred thousands digit of 652704609?
7
What is the hundred thousands digit of 1189506121?
5
What is the ten millions digit of 150662721?
5
What is the millions digit of 81827949?
1
What is the units digit of 452726580?
0
What is the thousands digit of 938832079?
2
What is the millions digit of 337378638?
7
What is the hundred millions digit of 845543404?
8
What is the tens digit of 1081038?
3
What is the thousands digit of 2281974840?
4
What is the tens digit of 585608464?
6
What is the hundred thousands digit of 109316811?
3
What is the ten thousands digit of 2138259237?
5
What is the ten thousands digit of 3375272398?
7
What is the tens digit of 62074846?
4
What is the units digit of 412720706?
6
What is the tens digit of 63332808?
0
What is the hundreds digit of 288466719?
7
What is the tens digit of 1621178866?
6
What is the thousands digit of 61846579?
6
What is the ten millions digit of 2737913674?
3
What is the units digit of 97120867?
7
What is the hundred millions digit of 246378281?
2
What is the thousands digit of 188071356?
1
What is the ten millions digit of 517632831?
1
What is the tens digit of 71991948?
4
What is the tens digit of 242493054?
5
What is the thousands digit of 243290048?
0
What is the ten millions digit of 2534741494?
3
What is the hundred thousands digit of 77046160?
0
What is the hundred thousands digit of 94013206?
0
What is the thousands digit of 32332109?
2
What is the hundred thousands digit of 1970929491?
9
What is the ten thousands digit of 108093197?
9
What is the ten thousands digit of 6369871071?
7
What is the ten thousands digit of 89344140?
4
What is the thousands digit of 4956628?
6
What is the hundred millions digit of 2837831220?
8
What is the millions digit of 47824452?
7
What is the tens digit of 602021426?
2
What is the units digit of 59265477?
7
What is the ten thousands digit of 52407234?
0
What is the thousands digit of 288545580?
5
What is the units digit of 361007352?
2
What is the thousands digit of 56976958?
6
What is the thousands digi